e of (10 - (-16 - -3)) + -9 + 5?
19
What is 11 + -19 - (0 + 7 - (-28 - -23))?
-20
Evaluate -7 - -2 - (-10 - (-9 + (2 - -6))).
4
Calculate -1 + 9 + (-7 - ((-4 - 11) + 19)).
-3
16 + (8 - 22) + -7
-5
What is (5 - 13 - -34) + (-17 - -1)?
10
0 + 20 - (1 + -17 + 15 + -1)
22
What is the value of -614 + 608 + (-2 - 12)?
-20
Calculate 2 - (43 + -11 + -16).
-14
What is the value of 20 - ((-31 - 3) + 21)?
33
What is the value of -5 + 21 + -38 - -43?
21
1 - ((1 - -4) + -10) - -4 - -4
14
Calculate -18 + (7 - 31) + 14.
-28
Calculate -9 + (8 + -5 - 3) + -2.
-11
Calculate 11 - (54 - 61 - (-2 - -3)).
19
Calculate -7 + (-13 - -30) - (-1 + 14).
-3
Calculate -1877 + 1921 + -65 + -1.
-22
What is the value of -17 + -2 - (6 - 4 - (-2 - 0))?
-23
What is the value of 17 + 2 + 8 + -4 + -9?
14
What is the value of (6 - (-4 + 11) - 2) + 14?
11
Evaluate 16 - (41 - 7 - 40).
22
Calculate -10 + 17 - (25 + -10).
-8
What is the value of -7 + -165 + 168 + (-1 - -24)?
19
What is the value of 0 + 7 + ((4 - 20) + -1 - -39)?
29
What is 19 - (-9 + 21 + 6)?
1
8 + (5 - 6) - 2 - -11
16
What is 96 + -91 + (-18 - -1) + -1?
-13
What is -15 + 2 + (-4 - (-15 + 11))?
-13
What is (-51 - -56) + (-14 - (1 + 0))?
-10
Calculate -5 + 2 - (2 - (16 + 4) - -3).
12
Calculate 6 - 1 - (52 - 44) - 6.
-9
What is -2 + 7 - (98 + -86)?
-7
What is the value of -18 + 0 + 116 + -74?
24
What is 10 - (-5 - 2 - (9 + -20))?
6
17 + (8 - 5 - 14) - 4
2
What is the value of -315 - -304 - (-1 - 21)?
11
Evaluate (-1 - 0) + (1 - (-3 - (-5 + 18))).
16
-5 + -3 - -3 - (15 + -2 + -3)
-15
What is the value of -22 + (64 - 43) - -1?
0
What is the value of 5 + -2 + 4 - (30 - (9 - 1))?
-15
What is the value of 3 + (-2 - 1) - (-2 - -4)?
-2
Calculate 0 - (5 + 4 - 2 - (22 - 18)).
-3
What is 23 + -8 + -13 - 27?
-25
What is the value of (16 - (0 + 17)) + 9 + -24 + 1?
-15
Evaluate (0 - (1 - 5) - 2) + (-168 - -177).
11
What is the value of -1 - 8 - ((-6 - (16 - 11)) + 0)?
2
-17 - ((-9 - (-6 - -2)) + -2 - -1)
-11
What is the value of (4 - (-1 - 2) - 6) + -5 - -9?
5
What is the value of 8 + 2 + -6 + 10?
14
Calculate 6 + (-5 + -11 - -5).
-5
What is (1 - 5) + ((7 - 6) + 0 - -17)?
14
Calculate -13 + 0 + 17 + -10 + 3 + -16.
-19
What is 6 - 3 - 2 - (-250 - -233)?
18
Evaluate 29 - (11 + -12 - -11).
19
Calculate (-17 - (3 + -21)) + -24.
-23
What is the value of -22 + (-21 - -81) + (3 - 4 - 10)?
27
What is the value of -2 - (-2 - (5 + -12 + 6))?
-1
What is the value of 49 + -60 + 27 - (-5 - -14)?
7
Evaluate -3 + 19 + -4 + 6 + -13.
5
Evaluate -4 - (0 - 7) - (-1 + -6).
10
Evaluate (-2 + -3 - (-78 + 65)) + 12.
20
-21 - (-21 - 21) - 1
20
2 + 3 + 2 - (3 - (0 - -7))
11
What is the value of 13 - (-24 + 21) - 24?
-8
Evaluate (5 - 7) + 5 + 8.
11
What is (0 - 7) + (-2 - -11) + 9 + 8?
19
-3 - (2 + -4 - (-6 - 7) - 4)
-10
What is the value of 10 + 0 + 1 + (-8 - (-32 - -29))?
6
(-3 - -1 - (-2 - 11)) + (-111 - -115)
15
Evaluate 68 + -77 - (-1 + (-6 - 2)) - -8.
8
Evaluate 4 - (10 - (-24 + 31)).
1
What is -41 - -2 - (-1167 - -1143)?
-15
Evaluate -9 + (18 + -5 - -12).
16
What is the value of (-16 - ((-1 - -6) + 4 + -9)) + -2?
-18
-5 + (13 - (7 + -2)) - 11
-8
Calculate (1 + 0 - (3 + -3)) + (11 - 15).
-3
Evaluate 0 - ((-14 - -22) + -10 + 0).
2
What is -21 - (-1 + -18 + 9)?
-11
What is -10 + -1 + -4 + -3 + 0 + 4?
-14
What is the value of -744 - -736 - ((-5 - 1) + 0)?
-2
Evaluate -5 - (-31 - -11 - -11).
4
What is 5 + -16 + 17 + 8 - -5?
19
Calculate (182 - 172) + (-16 - (1 - 0)).
-7
Calculate 15 - -1 - (1012 + -1030).
34
What is the value of (5 + -8 - (0 - -3)) + 13 + -1?
6
Calculate 65 + -35 + -16 - (1 + 1).
12
What is (-3 - 16) + (293 - 264)?
10
What is 5 + 4 + (-23 + 0 - 2)?
-16
What is -2 + 8 - 3 - (-11 - (16 + -21))?
9
Evaluate 2 - (-1 + -5) - (30 - 7 - 1).
-14
What is 2 + -1 + 24 + -13 + -7 - -7?
12
What is 2 - -1 - (24 - 8 - 15) - 19?
-17
Calculate -10 + 2 + 13 + (0 - -22).
27
What is the value of (9 - (54 - 21)) + 20?
-4
Calculate -1 - -19 - (-125 + 139).
4
What is the value of -9 + 21 + -28 + 15?
-1
What is -16 + (-25 - -37 - -17)?
13
Evaluate (2 + -12 - -3) + -31 + 24.
-14
Evaluate -5 + 2 - (14 - (-13 - (-1 + -5))).
-24
What is the value of 2 + (10 - 1 - (-2 - (-6 + 4)))?
11
Calculate -6 + (-6 - (14 + -9)).
-17
Evaluate (0 - -21 - -2) + 662 + -670.
15
What is the value of (-9 - -54 - 31) + 0 + -6?
8
Evaluate -14 + 10 - -9 - 22.
-17
What is the value of (-3 - (3 + (4 - -4))) + (1 - 5)?
-18
(-4 - 2) + (35 - 35)
-6
(-70 - (-67 + 36)) + 45
6
What is the value of (-4 - (3 + -20)) + (97 - 109)?
1
Evaluate 16 - (30 + -5 - -11).
-20
-4 - (-9 - 5) - 13
-3
What is the value of 9 + (4 - 15) + 8 + (-2 - 0)?
4
(-4 - (-2 - -1)) + (4 - -7 - 4)
4
Calculate 8 + -4 + 2 + -6 + 4 + -4.
0
What is -1 - -10 - ((-6 - -13) + -7 - -5)?
4
Evaluate 19 - 2 - (36 - 2).
-17
What is the value of -14 + 9 + 5 + -9?
-9
What is 6 - 14 - -14 - (-1 + -2 - -2)?
7
Evaluate (13 - 11) + -67 + 60.
-5
-18 + -4 + 4 + 3 - (-23 - -15)
-7
Evaluate 115 - 76 - (19 + 3).
17
Calculate -1 + (23 - 25 - -5).
2
Evaluate 0 + -10 - (65 - 67) - 0.
-8
-8 + (12 - -2) + 0 + -34 + 27
-1
-35 - (-32 - (-19 - 3))
-25
Calculate -55 + (-8 - 13 - -46).
-30
Calculate (4 - -2) + 9 + -15 + 2.
2
What is 0 - 0 - ((5 - 16) + 22)?
-11
-18 - -14 - (-1 + -7 + -3 + 7)
0
Calculate (2 - -1) + 13 + (-6 - 5) + -11.
-6
Calculate 1 + 11 - 0 - 18.
-6
What is 1 - 1 - (-23 + -4 + -1)?
28
Calculate -6 - (11 + -8) - (1 + 0 - 14).
4
What is -30 + (30 - 11) + (2 - (2 - 0))?
-11
What is the value of 2 + -8 - ((0 - (6 + -3)) + 3)?
-6
What is 10 + -2 + -25 + (6 - 1)?
-12
Calculate -2398 + 2378 - (-15 - (1 + -1)).
-5
What is (40 - 31) + -4 + -14?
-9
Evaluate -17 + -23 + 27 + 23.
10
Evaluate -6 + 15 - (11 - -15).
-17
What is the value of 24 + 2 + (-4 - 0 - (17 + -17))?
22
Evaluate -15 - (6 - 19) - (2 - -2).
-6
Evaluate -48 - -40 - (10 - 23).
5
Calculate -18 - -24 - (-1 + 17 - 1) - -29.
20
Calculate -6 + -32 + -2 + 3 - -10 - -10.
-17
Evaluate -1 + 13 + (18 - (35 + -13)).
8
Calculate -19 - (-17 - (3 + -2 + -10)).
-11
What is the value of 50 + -44 + -2 + 1 + -8?
-3
Calculate (-1 - -17) + (14 - (-1 + 17)) - 6.
8
Calculate 24 - -5 - 0 - 17.
12
Calculate 17 + (-19 - -7) + 8.
13
What is the value of (-8 - ((-3 - -7) + 6)) + 0 + -6?
-24
-27 + 26 + -15 + 0
-16
13 - (34 + -14 + -8)
1
What is -15 + (-18 + -7 + 10 - -13)?
-17
Evaluate -440 - -431 - (-12 + 1 - 0).
2
Evaluate -3 - (15 - -2) - (-26 - -15).
-9
-17 + (26 - (7 + 16))
-14
(-16 - -8) + 6 + (5 - 2) + 9
10
What is 11 + (-11 - -6) + -1?
5
What is (-1 - -19) + (-311 - -318) + 1 + -6?
20
Evaluate -9 - (10 + -11 - (1 - 8)).
-15
Calculate -1 + 16 - ((-18 + -17 - -12) + 19).
19
Calculate (13 - 19) + 9 + -4 + -2.
-3
Evaluate -26 + (7 - -2 - (-3 + 4)).
-18
Calculate 14 - 3 - (-6 - -3 - -1).
13
Evaluate (9 + 7 - 30) + 7 + 26.
19
What is the value of 16 - ((-3 - 17) + 33 - 4)?
7
-14 - ((-37 - -31) + 16)
-24
(7 - -2 - -3 - 2) + 9
19
Calculate -5 - -33 - (-120 - -118).
30
What is the value of 4 + 6 - -8 - -4?
22
4 - (2 + (-33 - -28) + 16 + 2)
-11
What is the value of -9 - (12 - (9 + 10 + 0))?
-2
Calculate 0 + 2 - (59 + -47) - -44.
34
4 + -21 + 10 + -10
-17
What is -2 + -1 + -6 - (23 + 40 + -80)?
8
Evaluate (8 + 6 + 0 - 4) + (-11 - -15).
14
-1 + (6 - (-4 - -9) - 17)
-17
Calculate 5 + -6 + -4 + (0 + 2 - -4).
1
Evaluate (0 - (22 + 0)) + 53 + (33 - 80).
-16
Calculate (4 - (1 - -1)) + -2 + -2 + 6.
4
Calculate (104 - 112 - (1 - (11 + -1))) + 5.
6
Evaluate 70 + -39 - (22 - -21).
-12
3 - 4 - (6 - (48 + -6))
35
Calculate 8 + (-1 - 1) - 16.
-10
Evaluate 5 + (7 + (4 - 14) - 8) + 6.
0
What is (-6 - -2 - 23) + 9 + -6?
-24
Calculate 3 + (-7 - (5 + -10) - (1 + 18)).
-18
Evaluate 6 + (0 - -5) - (51 - 44).
4
Evaluate 377 - 367 - (16 + (1 - 1)).
-6
What is (39 - (-1 - -35)) + -8?
-3
Evaluate (1 + -28 - -23) + 0 + 32.
28
(24 - 14) + -3 - (-2 + -5 + 3)
11
Calculate (0 - -12) + (17 - -6 - 28).
7
What is 1 + 0 + (10 - (15 - 6) - -12)?
14
Evaluate 12 + 13 - ((19 - 9) + -1).
16
What is the value of -3 - -8 - (-34 + 54)?
-15
What is 35 + -21 + -7 - (2 - (1 - 11))?
-5
What is -1 + -19 + 24 - (-3 - 15)?
22
Calculate -23 + 59 + -31 - (0 + -11).
16
Calculate -8 - (7 + -5) - (17 + (14 - 7)).
-34
Evaluate (102 - 94) + (-1 - 23).
-16
What is 4 + (1 + 6 + 0 - 2)?
9
-39 + 31 + (-4 - -1)
-11
Evaluate 1 - (5 + 2 - (11 - 0) - 1).
6
Calculate -17 + 1 - (